{"id":6430,"date":"2024-10-09T08:38:25","date_gmt":"2024-10-09T06:38:25","guid":{"rendered":"https:\/\/www.olisschnitzstube.de\/shop\/wp-admin\/?post_type=product&#038;p=6430"},"modified":"2024-10-09T08:49:52","modified_gmt":"2024-10-09T06:49:52","slug":"mcc-kuckuckuhr-hobbits-baumpilz-8-tage","status":"publish","type":"product","link":"https:\/\/www.olisschnitzstube.de\/shop\/product\/mcc-kuckuckuhr-hobbits-baumpilz-8-tage\/","title":{"rendered":"MCC Kuckuckuhr Hobbits-Baumpilz &#8211; 8-Tage"},"content":{"rendered":"<p>Ganz au\u00dfergew\u00f6hnliche Kuckuckuhr. Liebevoll gestaltet und handgeschnitzt. Mit echtem Baumpilz, der aber behandelt ist. Etwas f\u00fcr Leute mit Phantasie und Tr\u00e4umen. Wie im M\u00e4rchen. Jede Uhr ein Unikat. H\u00f6he 40 cm. Incl. Holzgewichten. Mit normalen Metallgewichten EUR 1.150.&#8211;<\/p>\n","protected":false},"excerpt":{"rendered":"<p>Ganz au\u00dfergew\u00f6hnliche Kuckuckuhr. Liebevoll gestaltet und handgeschnitzt. Mit echtem Baumpilz, der aber behandelt ist. Etwas f\u00fcr Leute mit Phantasie und Tr\u00e4umen. Wie im M\u00e4rchen. Jede Uhr ein Unikat. H\u00f6he 40 cm. Incl. Holzgewichten. Mit normalen Metallgewichten EUR 1.150.&#8211;<\/p>\n","protected":false},"featured_media":6431,"comment_status":"open","ping_status":"closed","template":"","meta":{"_acf_changed":false},"product_brand":[],"product_cat":[311],"product_tag":[],"class_list":{"0":"post-6430","1":"product","2":"type-product","3":"status-publish","4":"has-post-thumbnail","6":"product_cat-kuckucksuhren","8":"first","9":"instock","10":"taxable","11":"shipping-taxable","12":"purchasable","13":"product-type-simple"},"acf":[],"_links":{"self":[{"href":"https:\/\/www.olisschnitzstube.de\/shop\/wp-json\/wp\/v2\/product\/6430"}],"collection":[{"href":"https:\/\/www.olisschnitzstube.de\/shop\/wp-json\/wp\/v2\/product"}],"about":[{"href":"https:\/\/www.olisschnitzstube.de\/shop\/wp-json\/wp\/v2\/types\/product"}],"replies":[{"embeddable":true,"href":"https:\/\/www.olisschnitzstube.de\/shop\/wp-json\/wp\/v2\/comments?post=6430"}],"wp:featuredmedia":[{"embeddable":true,"href":"https:\/\/www.olisschnitzstube.de\/shop\/wp-json\/wp\/v2\/media\/6431"}],"wp:attachment":[{"href":"https:\/\/www.olisschnitzstube.de\/shop\/wp-json\/wp\/v2\/media?parent=6430"}],"wp:term":[{"taxonomy":"product_brand","embeddable":true,"href":"https:\/\/www.olisschnitzstube.de\/shop\/wp-json\/wp\/v2\/product_brand?post=6430"},{"taxonomy":"product_cat","embeddable":true,"href":"https:\/\/www.olisschnitzstube.de\/shop\/wp-json\/wp\/v2\/product_cat?post=6430"},{"taxonomy":"product_tag","embeddable":true,"href":"https:\/\/www.olisschnitzstube.de\/shop\/wp-json\/wp\/v2\/product_tag?post=6430"}],"curies":[{"name":"wp","href":"https:\/\/api.w.org\/{rel}","templated":true}]}}