{"id":6590,"date":"2024-10-09T08:35:33","date_gmt":"2024-10-09T06:35:33","guid":{"rendered":"https:\/\/www.olisschnitzstube.de\/shop\/wp-admin\/?post_type=product&#038;p=6590"},"modified":"2026-03-02T09:57:05","modified_gmt":"2026-03-02T08:57:05","slug":"mcc-8-tage-kuckuckuhr-mit-steinbock","status":"publish","type":"product","link":"https:\/\/www.olisschnitzstube.de\/shop\/product\/mcc-8-tage-kuckuckuhr-mit-steinbock\/","title":{"rendered":"MCC 8-Tage-Kuckuckuhr mit Steinbock"},"content":{"rendered":"<p>Aufwendig geschnitzte Uhr mit Eichenbl\u00e4ttern und Farn aus Kiefer kirschbaumfarbig gebeizt. Steinbock und Edelwei\u00dfbl\u00fcten aus Ahorn. H\u00f6he 65 cm.<\/p>\n","protected":false},"excerpt":{"rendered":"<p>Aufwendig geschnitzte Uhr mit Eichenbl\u00e4ttern und Farn aus Kiefer kirschbaumfarbig gebeizt. Steinbock und Edelwei\u00dfbl\u00fcten aus Ahorn. H\u00f6he 65 cm.<\/p>\n","protected":false},"featured_media":6591,"comment_status":"open","ping_status":"closed","template":"","meta":{"_acf_changed":false},"product_brand":[],"product_cat":[311],"product_tag":[],"class_list":{"0":"post-6590","1":"product","2":"type-product","3":"status-publish","4":"has-post-thumbnail","6":"product_cat-kuckucksuhren","8":"first","9":"instock","10":"taxable","11":"shipping-taxable","12":"purchasable","13":"product-type-simple"},"acf":[],"_links":{"self":[{"href":"https:\/\/www.olisschnitzstube.de\/shop\/wp-json\/wp\/v2\/product\/6590"}],"collection":[{"href":"https:\/\/www.olisschnitzstube.de\/shop\/wp-json\/wp\/v2\/product"}],"about":[{"href":"https:\/\/www.olisschnitzstube.de\/shop\/wp-json\/wp\/v2\/types\/product"}],"replies":[{"embeddable":true,"href":"https:\/\/www.olisschnitzstube.de\/shop\/wp-json\/wp\/v2\/comments?post=6590"}],"wp:featuredmedia":[{"embeddable":true,"href":"https:\/\/www.olisschnitzstube.de\/shop\/wp-json\/wp\/v2\/media\/6591"}],"wp:attachment":[{"href":"https:\/\/www.olisschnitzstube.de\/shop\/wp-json\/wp\/v2\/media?parent=6590"}],"wp:term":[{"taxonomy":"product_brand","embeddable":true,"href":"https:\/\/www.olisschnitzstube.de\/shop\/wp-json\/wp\/v2\/product_brand?post=6590"},{"taxonomy":"product_cat","embeddable":true,"href":"https:\/\/www.olisschnitzstube.de\/shop\/wp-json\/wp\/v2\/product_cat?post=6590"},{"taxonomy":"product_tag","embeddable":true,"href":"https:\/\/www.olisschnitzstube.de\/shop\/wp-json\/wp\/v2\/product_tag?post=6590"}],"curies":[{"name":"wp","href":"https:\/\/api.w.org\/{rel}","templated":true}]}}