{"id":7062,"date":"2024-10-09T08:31:45","date_gmt":"2024-10-09T06:31:45","guid":{"rendered":"https:\/\/www.olisschnitzstube.de\/shop\/wp-admin\/?post_type=product&#038;p=7062"},"modified":"2024-10-09T08:52:47","modified_gmt":"2024-10-09T06:52:47","slug":"kettenhalter-mit-edelweibblute-grob","status":"publish","type":"product","link":"https:\/\/www.olisschnitzstube.de\/shop\/product\/kettenhalter-mit-edelweibblute-grob\/","title":{"rendered":"Kettenhalter mit Edelwei\u00dfbl\u00fcte gro\u00df"},"content":{"rendered":"<p>Kettenhalter aus Lindenholz mit Edelwei\u00dfbl\u00fcte. Lieferbar in natur, natur gebrannt, kirschbaumfarbig, nu\u00dfbaumfarbig und schwarz. H\u00f6he ca. 25 cm.<\/p>\n<p>Bitte Farbton bei Bestellung angeben.<\/p>\n","protected":false},"excerpt":{"rendered":"<p>Kettenhalter aus Lindenholz mit Edelwei\u00dfbl\u00fcte. Lieferbar in natur, natur gebrannt, kirschbaumfarbig, nu\u00dfbaumfarbig und schwarz. H\u00f6he ca. 25 cm. Bitte Farbton bei Bestellung angeben.<\/p>\n","protected":false},"featured_media":7063,"comment_status":"open","ping_status":"open","template":"","meta":{"_acf_changed":false},"product_brand":[],"product_cat":[313],"product_tag":[],"class_list":{"0":"post-7062","1":"product","2":"type-product","3":"status-publish","4":"has-post-thumbnail","6":"product_cat-sondermodelle-und-uhrenzubehor","8":"first","9":"instock","10":"taxable","11":"shipping-taxable","12":"purchasable","13":"product-type-simple"},"acf":[],"_links":{"self":[{"href":"https:\/\/www.olisschnitzstube.de\/shop\/wp-json\/wp\/v2\/product\/7062"}],"collection":[{"href":"https:\/\/www.olisschnitzstube.de\/shop\/wp-json\/wp\/v2\/product"}],"about":[{"href":"https:\/\/www.olisschnitzstube.de\/shop\/wp-json\/wp\/v2\/types\/product"}],"replies":[{"embeddable":true,"href":"https:\/\/www.olisschnitzstube.de\/shop\/wp-json\/wp\/v2\/comments?post=7062"}],"wp:featuredmedia":[{"embeddable":true,"href":"https:\/\/www.olisschnitzstube.de\/shop\/wp-json\/wp\/v2\/media\/7063"}],"wp:attachment":[{"href":"https:\/\/www.olisschnitzstube.de\/shop\/wp-json\/wp\/v2\/media?parent=7062"}],"wp:term":[{"taxonomy":"product_brand","embeddable":true,"href":"https:\/\/www.olisschnitzstube.de\/shop\/wp-json\/wp\/v2\/product_brand?post=7062"},{"taxonomy":"product_cat","embeddable":true,"href":"https:\/\/www.olisschnitzstube.de\/shop\/wp-json\/wp\/v2\/product_cat?post=7062"},{"taxonomy":"product_tag","embeddable":true,"href":"https:\/\/www.olisschnitzstube.de\/shop\/wp-json\/wp\/v2\/product_tag?post=7062"}],"curies":[{"name":"wp","href":"https:\/\/api.w.org\/{rel}","templated":true}]}}